What is -1f0 (base 16) in base 5?
-3441
What is 26e (base 16) in base 11?
516
What is 10755 (base 12) in base 15?
66de
What is 256a5 (base 12) in base 4?
30132131
1ac (base 15) to base 13
23a
What is 667 (base 8) in base 12?
307
-1011211 (base 3) to base 11
-711
Convert 30572 (base 9) to base 5.
1121103
What is -25c (base 13) in base 9?
-511
Convert -1021 (base 13) to base 11.
-1742
-20623 (base 7) to base 5
-130423
111100010 (base 2) to base 10
482
What is -1331 (base 6) in base 15?
-17d
7173 (base 8) to base 13
18c2
Convert 1011011011 (base 2) to base 16.
2db
12222200 (base 3) to base 11
3309
3164 (base 10) to base 15
e0e
What is 2480 (base 15) in base 11?
5924
Convert 597 (base 15) to base 2.
10011110011
Convert -32b7 (base 13) to base 3.
-100201012
Convert 342430 (base 5) to base 10.
12240
Convert -1378 (base 13) to base 14.
-1043
What is 10221201 (base 3) in base 2?
101101000001
Convert 1112 (base 9) to base 13.
4b2
Convert 433 (base 6) to base 5.
1130
What is -8634 (base 16) in base 5?
-2044411
1100100010 (base 2) to base 16
322
What is -6590 (base 10) in base 4?
-1212332
Convert 1183 (base 11) to base 13.
919
4 (base 13) to base 11
4
Convert -11001000100101 (base 2) to base 13.
-5ac6
1e (base 16) to base 7
42
Convert 2226 (base 8) to base 2.
10010010110
Convert -379 (base 15) to base 12.
-559
Convert -1000100001 (base 2) to base 7.
-1406
Convert 6472 (base 10) to base 16.
1948
Convert -509 (base 14) to base 6.
-4325
-f90d (base 16) to base 5
-4020012
What is -523 (base 6) in base 9?
-236
-104252 (base 7) to base 3
-221010022
What is -1112223 (base 4) in base 16?
-15ab
312303 (base 4) to base 15
108c
What is 53a (base 13) in base 11?
743
Convert 8ca (base 13) to base 3.
2002020
What is -283 (base 10) in base 3?
-101111
Convert 1830 (base 9) to base 16.
57c
What is -1d52 (base 14) in base 5?
-132424
What is 1a53 (base 11) in base 2?
101000100111
3202 (base 5) to base 3
120211
-304455 (base 6) to base 11
-17346
Convert -1103032 (base 4) to base 9.
-7267
-2acc (base 15) to base 12
-53a0
What is -1021 (base 15) in base 16?
-d4e
d1 (base 15) to base 13
121
-342 (base 9) to base 3
-101102
-3807 (base 11) to base 16
-1368
Convert -33206 (base 7) to base 14.
-3076
Convert 432041 (base 6) to base 9.
53557
What is 300223 (base 6) in base 7?
125160
What is 307 (base 9) in base 5?
2000
What is -17c4 (base 13) in base 10?
-3540
What is 831 (base 12) in base 13?
706
Convert -1264 (base 9) to base 13.
-580
What is -223a (base 13) in base 7?
-16640
What is 2b55 (base 14) in base 15?
2449
What is -204304 (base 5) in base 4?
-1222231
-1121213 (base 4) to base 5
-140420
Convert -101110101001000 (base 2) to base 9.
-35673
-130211 (base 4) to base 14
-949
Convert -130 (base 16) to base 14.
-17a
What is -7460 (base 8) in base 2?
-111100110000
What is 240 (base 6) in base 5?
341
-1450 (base 6) to base 3
-112110
Convert -10121201 (base 3) to base 12.
-163a
Convert 2382 (base 14) to base 5.
144230
Convert -134212 (base 5) to base 2.
-1010110110101
Convert -208 (base 14) to base 2.
-110010000
Convert 11001000110011 (base 2) to base 16.
3233
Convert -b3 (base 12) to base 7.
-252
26210 (base 7) to base 3
100112222
Convert -4301 (base 6) to base 15.
-44d
Convert 171d (base 14) to base 2.
1000000101111
-b07 (base 15) to base 7
-10144
Convert -46b8 (base 14) to base 4.
-3000122
4644 (base 15) to base 9
22411
Convert 1606 (base 14) to base 10.
3926
What is -23002 (base 6) in base 10?
-3242
Convert -30440 (base 9) to base 12.
-b723
11a24 (base 15) to base 14
16724
Convert -200113 (base 4) to base 16.
-817
What is 458 (base 9) in base 14?
1cd
212 (base 9) to base 5
1143
Convert 459 (base 14) to base 15.
3c8
What is 12416 (base 7) in base 4?
303200
-1100101 (base 3) to base 2
-1111010110
Convert 557d (base 16) to base 5.
1200020
1000011011000101 (base 2) to base 3
1202022211
What is 362 (base 14) in base 15?
2ee
Convert -100 (base 8) to base 3.
-2101
What is 4018 (base 16) in base 11?
11367
What is -4044 (base 12) in base 5?
-210324
Convert 22025 (base 11) to base 6.
404003
-54044 (base 6) to base 7
-30331
1780 (base 9) to base 6
10200
104313 (base 6) to base 13
3ca8
What is -627 (base 14) in base 11?
-a01
Convert -3da (base 14) to base 8.
-1414
What is 100010101000010 (base 2) in base 14?
6666
-62d (base 15) to base 13
-832
What is -100110011 (base 2) in base 14?
-17d
Convert -303133 (base 4) to base 3.
-11112001
55 (base 8) to base 14
33
What is -1044241 (base 5) in base 13?
-8682
Convert -11131 (base 5) to base 14.
-407
What is 19 (base 12) in base 13?
18
-b2 (base 15) to base 8
-247
Convert -202201222 (base 3) to base 13.
-6b60
What is -30223 (base 4) in base 13?
-4a5
What is 692 (base 11) in base 8?
1473
-aac (base 13) to base 15
-822
-121020 (base 3) to base 15
-1e3
What is 371 (base 14) in base 6?
3103
Convert 12120132 (base 4) to base 14.
9754
Convert -12022201 (base 3) to base 11.
-2a08
-30c (base 13) to base 16
-207
Convert 247 (base 12) to base 3.
110201
Convert 53b (base 15) to base 7.
3305
-12213 (base 5) to base 3
-1021120
What is 3b34b (base 12) in base 7?
460133
What is -10100001001 (base 2) in base 15?
-5ae
398 (base 13) to base 11
525
Convert 439 (base 11) to base 2.
1000001110
1f27 (base 16) to base 8
17447
What is 8dab (base 16) in base 2?
1000110110101011
What is -d5b (base 16) in base 15?
-102e
What is -1111211 (base 5) in base 11?
-13769
Convert -2222 (base 4) to base 12.
-122
Convert 17025 (base 8) to base 16.
1e15
-12231 (base 5) to base 14
-4b3
What is -1024303 (base 5) in base 6?
-212445
530 (base 8) to base 10
344
Convert -3014 (base 5) to base 7.
-1056
What is -214431 (base 6) in base 15?
-546a
Convert 1116 (base 7) to base 3.
120000
205305 (base 8) to base 7
403051
Convert -1120220 (base 3) to base 9.
-1526
What is -2437 (base 12) in base 10?
-4075
Convert -3030 (base 6) to base 2.
-1010011010
Convert -21044 (base 7) to base 8.
-12071
Convert 1510 (base 12) to base 9.
3333
110011110100110 (base 2) to base 6
322502
-45031 (base 6) to base 4
-1202023
Convert 1c2a (base 15) to base 2.
1011111100011
Convert 10421 (base 5) to base 12.
514
-33b0 (base 15) to base 5
-322330
What is 7a9 (base 12) in base 7?
3213
-2121 (base 6) to base 3
-122211
-111000011000111 (base 2) to base 3
-1110121022
Convert 23757 (base 10) to base 14.
892d
What is 2045 (base 6) in base 16?
1cd
What is d519 (base 16) in base 5?
3221203
Convert -bc65 (base 13) to base 5.
-1320103
Convert 612 (base 15) to base 5.
20432
Convert -2887 (base 9) to base 8.
-4211
10eab (base 15) to base 2
1101001010110000
-8142 (base 12) to base 13
-64c4
What is 1128 (base 14) in base 3?
11002020
-1000011 (base 5) to base 9
-23387
Convert 1100102112 (base 3) to base 11.
18a51
-b9a (base 13) to base 9
-2646
Convert 164 (base 12) to base 2.
11011100
Convert -163a4 (base 12) to base 3.
-1121102121
-255 (base 8) to base 5
-1143
What is 2b5 (base 16) in base 8?
1265
Convert 2388 (base 9) to base 7.
5123
What is 27709 (base 12) in base 3?
2202212200
Convert 1f80 (base 16) to base 13.
3894
What is 257 (base 14) in base 12?
331
Convert 212000022 (base 3) to base 11.
11670
What is -38a6 (base 11) in base 8?
-11725
Convert 100011010010 (base 2) to base 4.
203102
What is -533 (base 6) in base 5?
-1301
1834 (base 15) to base 9
7144
What is -1355 (base 9) in base 2?
-1111111110
-79d6 (base 15) to base 10
-25851
-301013 (base 6) to base 2
-101110000000001
What is 4121 (base 5) in base 16?
218
What is -1022112101 (base 3) in base 16?
-652f
-7058 (base 10) to base 6
-52402
81d (base 16) to base 13
c3a
26c3 (base 13) to base 3
21122012
What is -1514 (base 10) in base 11?
-1157
-20a8 (base 13) to base 15
-1522
What is -aab6 (base 15) in base 8?
-106513
Convert -101001001001111 (base 2) to base 11.
-14916
What is -10111011000 (base 2) in base 3?
-2001102
1064 (base 7) to base 4
12011
What is 40606 (base 9) in base 6?
323440
What is 185 (base 11) in base 9?
257
Convert 3 (base 10) to base 4.
3
11320100 (base 4) to base 10
24080
-100021021 (base 3) to base 12
-3ab1
What is -6ea (base 16) in base 6?
-12110
-2314 (base 6) to base 12
-39a
Convert -3211 (base 5) to base 11.
-362
What is 563c (base 15) in base 13?
8424
Convert 21ab7 (base 12) to base 10.
44779
Convert -136 (base 14) to base 16.
-f4
-1847 (base 14) to ba